s digit of 240695?
5
What is the thousands digit of 51677470?
7
What is the hundred millions digit of 152397373?
1
What is the units digit of 289716059?
9
What is the hundred thousands digit of 127331111?
3
What is the units digit of 208849402?
2
What is the tens digit of 7314654?
5
What is the thousands digit of 148811548?
1
What is the ten millions digit of 272801166?
7
What is the thousands digit of 19104822?
4
What is the millions digit of 1870899?
1
What is the millions digit of 27970841?
7
What is the ten millions digit of 876288287?
7
What is the tens digit of 31263437?
3
What is the ten thousands digit of 246629216?
2
What is the hundreds digit of 711834604?
6
What is the billions digit of 2003080248?
2
What is the hundred thousands digit of 3072001432?
0
What is the millions digit of 1989889555?
9
What is the ten millions digit of 86984683?
8
What is the ten thousands digit of 135999543?
9
What is the ten millions digit of 1289383953?
8
What is the millions digit of 167124473?
7
What is the hundred thousands digit of 3128882143?
8
What is the hundred millions digit of 393161672?
3
What is the ten millions digit of 27843145?
2
What is the hundreds digit of 74405629?
6
What is the millions digit of 74097501?
4
What is the millions digit of 72178161?
2
What is the billions digit of 4365823433?
4
What is the millions digit of 13688249?
3
What is the ten thousands digit of 36176560?
7
What is the thousands digit of 1298801839?
1
What is the tens digit of 909229696?
9
What is the hundred millions digit of 208668566?
2
What is the ten thousands digit of 1220624030?
2
What is the hundred thousands digit of 3619855?
6
What is the billions digit of 1971649959?
1
What is the tens digit of 5784506866?
6
What is the hundred thousands digit of 7634082?
6
What is the hundreds digit of 634391800?
8
What is the hundreds digit of 330956418?
4
What is the hundreds digit of 1652022414?
4
What is the millions digit of 113997356?
3
What is the hundreds digit of 35582483?
4
What is the hundred thousands digit of 60813293?
8
What is the units digit of 5128656002?
2
What is the ten thousands digit of 66626219?
2
What is the thousands digit of 440372776?
2
What is the thousands digit of 658083031?
3
What is the thousands digit of 78605192?
5
What is the thousands digit of 116088647?
8
What is the thousands digit of 98596886?
6
What is the hundred millions digit of 2593147716?
5
What is the units digit of 54889643?
3
What is the tens digit of 377815474?
7
What is the millions digit of 120169902?
0
What is the hundred thousands digit of 548548946?
5
What is the units digit of 61007615?
5
What is the hundreds digit of 440214455?
4
What is the units digit of 51135699?
9
What is the hundred millions digit of 228740552?
2
What is the ten thousands digit of 5682411?
8
What is the ten millions digit of 647137297?
4
What is the thousands digit of 71443463?
3
What is the hundred thousands digit of 90763682?
7
What is the ten millions digit of 483374034?
8
What is the units digit of 2282616198?
8
What is the units digit of 1700917263?
3
What is the ten thousands digit of 15804924?
0
What is the ten thousands digit of 2782880187?
8
What is the hundreds digit of 277998462?
4
What is the hundred thousands digit of 200312579?
3
What is the thousands digit of 2075088554?
8
What is the millions digit of 1088239062?
8
What is the tens digit of 153749195?
9
What is the ten millions digit of 215451651?
1
What is the tens digit of 187732872?
7
What is the hundred thousands digit of 4562118213?
1
What is the hundred thousands digit of 67698822?
6
What is the units digit of 41413243?
3
What is the ten millions digit of 3142684090?
4
What is the units digit of 595513795?
5
What is the hundreds digit of 742660732?
7
What is the units digit of 321889643?
3
What is the ten thousands digit of 3573563389?
6
What is the units digit of 280544265?
5
What is the millions digit of 38063504?
8
What is the billions digit of 1070994230?
1
What is the hundreds digit of 150802023?
0
What is the units digit of 2167255371?
1
What is the hundred millions digit of 319201520?
3
What is the millions digit of 229264565?
9
What is the hundred thousands digit of 67623985?
6
What is the hundred thousands digit of 533182164?
1
What is the ten millions digit of 68904238?
6
What is the thousands digit of 33411525?
1
What is the hundred millions digit of 1522583671?
5
What is the thousands digit of 23720307?
0
What is the thousands digit of 943575393?
5
What is the ten millions digit of 701898106?
0
What is the thousands digit of 28736385?
6
What is the ten thousands digit of 540195325?
9
What is the tens digit of 934336572?
7
What is the hundreds digit of 21422503?
5
What is the hundreds digit of 1421616311?
3
What is the tens digit of 2283769466?
6
What is the hundred millions digit of 352486790?
3
What is the ten thousands digit of 21857491?
5
What is the tens digit of 15582451?
5
What is the ten millions digit of 120278128?
2
What is the units digit of 1490353300?
0
What is the ten thousands digit of 842147561?
4
What is the hundred thousands digit of 73398465?
3
What is the units digit of 769979183?
3
What is the tens digit of 34203877?
7
What is the thousands digit of 63528682?
8
What is the ten thousands digit of 869288702?
8
What is the millions digit of 59380578?
9
What is the units digit of 12022839?
9
What is the hundred millions digit of 434702383?
4
What is the ten millions digit of 133226037?
3
What is the tens digit of 107101562?
6
What is the units digit of 44261382?
2
What is the ten millions digit of 159585118?
5
What is the ten thousands digit of 4082790684?
9
What is the thousands digit of 2031587184?
7
What is the units digit of 22001352?
2
What is the hundred millions digit of 2467653402?
4
What is the ten millions digit of 316382482?
1
What is the hundreds digit of 144483551?
5
What is the hundreds digit of 173804128?
1
What is the hundred millions digit of 470580925?
4
What is the millions digit of 207050927?
7
What is the hundreds digit of 68203733?
7
What is the millions digit of 393910549?
3
What is the ten millions digit of 51877089?
5
What is the hundreds digit of 1369097124?
1
What is the hundred thousands digit of 45216738?
2
What is the units digit of 101473590?
0
What is the ten thousands digit of 66517419?
1
What is the units digit of 51448068?
8
What is the ten thousands digit of 134316272?
1
What is the ten thousands digit of 362231475?
3
What is the hundred millions digit of 2883509505?
8
What is the millions digit of 1644941846?
4
What is the hundred millions digit of 2096403784?
0
What is the hundred thousands digit of 817832831?
8
What is the hundred thousands digit of 74742888?
7
What is the billions digit of 1454384479?
1
What is the thousands digit of 893220472?
0
What is the hundreds digit of 1192354838?
8
What is the hundreds digit of 54455848?
8
What is the hundred thousands digit of 909547471?
5
What is the thousands digit of 57749379?
9
What is the ten millions digit of 257165446?
5
What is the tens digit of 948483?
8
What is the hundreds digit of 1747274714?
7
What is the tens digit of 1794589877?
7
What is the hundred millions digit of 119493070?
1
What is the ten millions digit of 1937566288?
3
What is the thousands digit of 97809922?
9
What is the billions digit of 1458317620?
1
What is the millions digit of 40226905?
0
What is the hundred thousands digit of 26821372?
8
What is the millions digit of 57040060?
7
What is the units digit of 172708481?
1
What is the hundred thousands digit of 13306093?
3
What is the ten millions digit of 1143781500?
4
What is the hundred thousands digit of 12054851?
0
What is the units digit of 275625119?
9
What is the thousands digit of 57792793?
2
What is the hundreds digit of 48604277?
2
What is the hundreds digit of 87619009?
0
What is the hundred thousands digit of 58534268?
5
What is the tens digit of 1753537?
3
What is the units digit of 101969647?
7
What is the tens digit of 77172957?
5
What is the hundreds digit of 588520478?
4
What is the hundred thousands digit of 2934220?
9
What is the thousands digit of 2025210911?
0
What is the tens digit of 1821428206?
0
What is the hundreds digit of 6119632563?
5
What is the un